ulate t(1).
-1
Let s(z) be the second derivative of 1/3*z**3 + z**2 + 0 - 1/8*z**4 + z. Let v(b) be the first derivative of s(b). Calculate v(2).
-4
Let s(z) = -2*z - 4. Let b be s(-4). Let t = -4 + b. Let l(u) = 0 + t + 2*u. Give l(-2).
-4
Let l(p) = -p + 2. Suppose 0 = 3*g + 5*d - 6, 2*d + 10 = 5*g - 2*d. Calculate l(g).
0
Let v(o) = -3*o**3 + o**2 + o - 4. Let x(c) = 10*c**3 - 4*c**2 - 2*c + 13. Let i(k) = 7*v(k) + 2*x(k). Suppose d = 0, 4*q + 0*d = 2*d + 8. Calculate i(q).
-8
Let l(o) be the third derivative of 5*o**4/24 + o**3/3 + o**2. Let v be -8 + (2 - (1 + -5)). Give l(v).
-8
Let t(o) = -2*o**2 - 5*o + 5. Let m(b) = b**2 + 3*b - 3. Let i(p) = -7*m(p) - 4*t(p). What is i(-2)?
7
Suppose -5*x - 7 = -4*s, s + 5 = 3*s - x. Suppose 0 = -3*g + 2*g + s. Let v(n) = 23 - n**3 - 11 + 3*n - 5 - 8 + 3*n**2. Calculate v(g).
8
Let p(u) = -u**3 + u**2 - u + 2. Let q = -17 + 19. Give p(q).
-4
Let i(t) = -7*t**2 + t - 1. Let s be (-2)/3*51/(-34). Give i(s).
-7
Let x(i) = 8*i + 4. Let v(m) = m. Suppose 9 = -3*z + 2*n + 2, 2*z = n - 3. Let w(k) = z*x(k) - 6*v(k). Suppose 5*a - 8 = -28. Determine w(a).
-4
Let u(f) = 8*f**2 - f - 1. Suppose k + 5*p = 6*k + 20, 2*p = 4*k + 10. Give u(k).
8
Let d(l) = l**2 - 7*l + 5. Let r(g) = -6*g**2 + 36*g - 26. Let q(b) = -11*d(b) - 2*r(b). Calculate q(-5).
-3
Let f = -1 - 3. Let t(h) = 2*h**3 + 2*h**2 - 1. Let i be t(1). Let r(b) = -i - b**2 - 7*b - 5 + 2. What is r(f)?
6
Suppose z + 3 - 10 = 2*y, 4*z - 25 = 5*y. Let h(p) = z - 1 - 3 + 4*p. What is h(-1)?
-3
Let p(v) = -1. Let n(b) = -5*b - 2. Let z(c) = n(c) - p(c). Calculate z(2).
-11
Let m = -25 - -27. Let h(v) = 5*v + 1. Let x be h(-1). Let d(f) = -f - 1. Let l(b) = b + 7. Let s(q) = x*d(q) - l(q). What is s(m)?
3
Suppose 2*i - 40 = -2*j, -60 = -2*j + 2*i - 0*i. Suppose -j = -0*q - 5*q. Let o(m) = -m**2 + 5*m - 1. Determine o(q).
-1
Let q(v) = -v**3 - v**2 + 3*v - 2. Let d(g) = g**2 - 10*g + 13. Let r be d(9). Let z = 1 - r. Determine q(z).
7
Let u(g) be the first derivative of g**4/4 + 4*g**3/3 - 3*g**2/2 + 2*g + 26. Give u(-5).
-8
Let p(o) = -3*o - 1. Let v(z) be the first derivative of -z**3/3 + 5*z**2 - 3*z - 5. Let s be v(10). Give p(s).
8
Let r(t) be the first derivative of t**5/20 - t**4/2 + t**3/6 + t + 4. Let j(v) be the first derivative of r(v). Calculate j(6).
6
Let t(a) be the second derivative of 0 - 3*a + 1/3*a**4 + 1/20*a**5 - 2/3*a**3 - 2*a**2. Calculate t(-5).
-9
Let r(x) = 0 - 2 - x + 4. Let y be (-32)/(-20)*(-15)/6. Give r(y).
6
Let v be -4*3/(-72)*18/3. Let u(m) = m. Give u(v).
1
Let m(w) = 4*w**2 + 2 - 3*w**2 + 4*w + 4*w**2 - 2*w - w**3. Let q(g) = -g**2 - 9*g + 5. Let r be q(-9). Determine m(r).
12
Let l(k) = -3*k + 4. Let r be 1/(2/(-36)*-2). Let u(o) = -4*o**3 - o - 1. Let i be u(-1). Suppose i*n = n + r. What is l(n)?
-5
Suppose -3*y = -0*y + 9. Let a(f) = 20*f**3 + 12*f**2 + 32*f - 11. Let t(c) = 7*c**3 + 4*c**2 + 11*c - 4. Let r(m) = -6*a(m) + 17*t(m). Determine r(y).
4
Let b(m) be the third derivative of m**4/24 + 3*m**3/2 + m**2. Suppose -t - 1 = 2*l - 2, 4*t + 35 = 5*l. What is b(t)?
4
Let f(m) = -2*m + 4. Let p be ((-4)/(-6))/(6/63) + -4. Calculate f(p).
-2
Let t(u) = 3*u**3 + 3*u**3 - 7*u**3 + 6 + 6*u**2 + 2*u**2. Let o be t(8). Let c(p) = p**3 - 5*p**2 - 6*p - 7. Give c(o).
-7
Let t(o) = -o**3 + 4*o**2 + 4*o + 5. Suppose -5*f = 6*n - n - 30, f = 1. Determine t(n).
0
Let o(a) = -5*a - 6 + 3*a + 4. Calculate o(-2).
2
Let v = 5 + -4. Let r(k) be the first derivative of -3*k**2 + 3*k + 1/3*k**3 + v. Determine r(2).
-5
Let j(u) = u**3 + 5*u**2 - 8*u - 9. Let y be j(-6). Suppose -5*b + y = -2*b. Let a(n) = -b + n + n + 0*n. Calculate a(4).
7
Let v(f) = f**2 - 10*f - 16. Let h be v(11). Let n(u) = 0*u**2 + 4*u**2 - 2 + 4*u - 3*u**2. Let g be n(h). Let c(w) = -w**2 + 6*w - 3. Calculate c(g).
6
Let h(y) be the third derivative of -y**7/840 - y**6/72 - y**5/24 + y**4/6 - 7*y**3/6 + y**2. Let c(z) be the first derivative of h(z). What is c(-4)?
8
Let v = -4 - -6. Let l(n) = n + 6 - n**3 - 36*n**v + 0*n + 31*n**2. Calculate l(-5).
1
Suppose 2*h = 8, q - h = -3*q + 20. Let g(t) = 4 + 3*t**2 + 3*t**2 - t**3 - 3*t**2 + 5*t + 2*t**2. Determine g(q).
-2
Let d be (6/21)/(8/168). Let y(z) = -7*z - 2. Let a(h) = -15*h - 4. Let o(w) = 6*a(w) - 13*y(w). Give o(d).
8
Let c(g) = g - 2. Let x(i) = -5*i + 11. Let j(m) = 11*c(m) + 2*x(m). Let t = 6 + -2. Suppose 2*l - 2 = 4*u + l, u - 2*l = -t. Give j(u).
0
Let n(d) = d**2 + 3*d + 2. Let q = -34 - -61. Let f = -30 + q. Determine n(f).
2
Let r(g) = -g**3 - 6*g**2 - 5*g + 2. Let p = 24 + -35. Let i be 3/(-18) - 70/12. Let o = p - i. Give r(o).
2
Let y(l) be the first derivative of -1/2*l**2 + 4/3*l**3 + 3*l + 1/4*l**4 - 2. Calculate y(-4).
7
Suppose -3*c + 4*c - 2 = 0. Let w(d) = 2*d**2 - d**2 - 4*d - c*d**2 + 7. Determine w(-5).
2
Let p(c) = -17*c - 19. Let u(j) = -9*j - 9. Let x(f) = 4*p(f) - 9*u(f). Let n(h) = -6*h - 2. Let i(t) = -9*n(t) - 4*x(t). What is i(-2)?
-6
Let r(a) be the first derivative of -a**4/4 - a**3/3 + a**2/2 - 7*a + 1. Calculate r(0).
-7
Let i(a) = a**3 - 5*a**2 + 4*a - 8. Let h be i(4). Let b(r) = r**3 + 9*r**2 + 9*r - 2. Determine b(h).
-10
Let r(h) = h**2 - 2*h - 4. Let o be 2*(-15)/(-6)*(-8)/(-10). Give r(o).
4
Let n(x) = x - 2. Let j(a) = -a**3 - 9*a**2 + 10*a + 1. Let u be j(-10). What is n(u)?
-1
Let d(j) be the first derivative of j**4/4 + j**3/3 - j**2 - 3*j - 3. Determine d(-2).
-3
Let p(y) = 1 - 2*y**2 - 5*y + 1 + y**3 - 1 - 3*y**2. Calculate p(6).
7
Let j(r) = 20*r**2 - 31*r**2 + r**3 - 1 + 10*r**2 + r. Give j(2).
5
Suppose -1 = -4*u + 3. Let z = u - -1. Suppose -z + 14 = -3*i. Let j(y) = -y + 3. Give j(i).
7
Suppose 0 = -4*d + 4*k, -4*d - 2*k + 2 = -4. Suppose 0*w - w + 3 = 3*f, w + d = f. Let t(g) = -3*g**3 + 2*g**2 - 2*g + 1. Give t(f).
-2
Let d(f) = 3 + 1 + 2 - 2 - 3*f. Let q be (-2)/6*1*-15. Give d(q).
-11
Let n(a) be the second derivative of a**4/12 - a**3/6 + 7*a**2 - 14*a. Calculate n(0).
14
Let p(n) = -5*n + 2. Let v = -7 - -9. Suppose 4*q - 3*q = -v. Determine p(q).
12
Suppose -34 = -5*b + b + 2*j, b + 2*j = 16. Suppose -5*n - 55 = 20. Let m = b + n. Let s(g) = -g**3 - 4*g**2 + 5*g - 6. Determine s(m).
-6
Let r(l) = 1 + 6*l**2 - 3 + 3. Suppose 2*q = 5*t - 36, 18 = 3*t - 3*q - 9. Let i = -5 + t. Determine r(i).
7
Let u be 3/((-9)/6)*-5. Let c(k) = u*k + k**2 - 10*k. Determine c(2).
4
Let x be -1*2/((-1)/(-1)). Let k(n) = 1. Let y(t) = 2*t**2 + 7*t + 8. Let a(v) = x*k(v) + y(v). Give a(-4).
10
Let m(w) = -2*w**2 + 10*w + 6. Let d = 6 + -15. Let p(b) = -b**2 + 5*b + 3. Let t(h) = d*p(h) + 4*m(h). Determine t(5).
-3
Let y(i) = -i**3 - i**2 + i + 7. Let p(f) = f**2. Let t(q) = -6*p(q) - y(q). What is t(5)?
-12
Let z(f) = f**3 - 6*f**2 + 6*f. Let d(h) = h - 2. Let b be d(2). Let r be 7 + (b + -1)/(-1). Suppose -v = v - r. Determine z(v).
-8
Let r(b) be the second derivative of b**5/20 + 5*b**4/12 + 13*b. Determine r(-5).
0
Let v(n) = -n - 10. Let a = -11 - -3. What is v(a)?
-2
Suppose -2*q + 0 = 3*y + 13, -5*y - 5*q = 30. Let l(h) = -h**2 + 1 - 16*h**3 + 0 + 2*h**3. Give l(y).
14
Let a(o) = -4*o - 2. Let c = -1 - 1. Give a(c).
6
Let s(d) = -d**3 - 1. Let w(r) = -4*r**3 - 3*r**2 - r - 4. Let v(u) = -5*s(u) + w(u). Determine v(-2).
-17
Let f(y) be the first derivative of y**4/4 - 4*y**3 + 11*y**2/2 + 5*y - 1. Let g be f(11). Suppose -16 - 4 = -g*n. Let t(p) = -p**2 + 5*p - 3. Calculate t(n).
1
Let y(z) be the second derivative of -z**5/20 - z**4/3 + 3*z**2/2 + z. Suppose -2*w + 4 = -3*w. What is y(w)?
3
Let r be 270/(-40) - (-1)/(-4). Let c = r - -7. Let l(s) = s**2 - 9. Determine l(c).
-9
Suppose 3*q = -y - 13, 0 = y - q + 6*q + 21. Let x(f) be the second derivative of -5*f**3/6 + 25*f - 1. What is x(y)?
5
Let v(k) = k**2 - 4*k - 4. Suppose -5*c = -31 + 1. Let g(a) = -a - 4. Let z be g(-4). Suppose z = c*l - 2*l - 20. What is v(l)?
1
Let j(y) = -8*y - 3*y**2 - 8 + 4*y**2 + 4*y. Calculate j(6).
4
Let x(t) = -t + 1. Let o(g) = -3*g - g + 6 + 3*g. Let l(i) = o(i) - 4*x(i). Let w be ((-12)/8)/((-2)/(-4)). What is l(w)?
-7
Let u(a) = 0 + 1 + a**2 - a**3 - 1. Let x(y) = -5*y**3 + 10*y**2 - y - 3. Let v(s) = -6*u(s) + x(s). Give v(-4).
1
Let y(w) = -13*w**2 + w + 14*w**2 - 7*w - 6. Determine y(8).
10
Let t = -1 - 0. Let p = 3 + 0. Let l(k) = 2*k**p - 3*k**3 + k**3 - k**3 - k. D